ppose z*c + 5 = -15. Let o(n) = n**2 + 5*n + 5. What are the prime factors of o(c)?
5
What are the prime factors of (111/3 - -2) + -2?
37
Suppose -400 = -0*k - 5*k. Suppose -2*c + k = 18. List the prime factors of c.
31
Let m(w) = 7*w**2 - 19*w - 17. What are the prime factors of m(7)?
193
Let w = -90 + 127. Suppose 4*j - w - 119 = 0. What are the prime factors of j?
3, 13
Let b = 4 - -4. Suppose 3*h + 2*i - b = 44, 0 = -5*i + 25. List the prime factors of h.
2, 7
Suppose 0 = -3*j - 0 - 6. What are the prime factors of ((-10)/6)/(j/36)?
2, 3, 5
List the prime factors of (-6)/((-5)/(270/4)).
3
Let g(p) = -p - 10. Let b be g(-10). List the prime factors of (4 - b)/2 + 2.
2
Let u = 23 + -20. What are the prime factors of (-29)/((-4)/24*u)?
2, 29
Let c(i) = i**3 - 8*i**2 - 6*i - 2. Suppose 2*q = 6 + 10. Let x be c(q). What are the prime factors of x/(-4) - 3/6?
2, 3
Suppose 0 = 2*l + 7 - 41. Suppose 3*c - 2*c = l. What are the prime factors of c?
17
Suppose -2*n = -m - 4*n + 26, n + 99 = 3*m. List the prime factors of m.
2
Let v(y) = y**3 - 4*y**2 - 3*y + 9. What are the prime factors of v(5)?
19
Let v be (0*(-1)/(-3))/2. Suppose t + 0*n - 5 = n, 3*t + n - 7 = v. Suppose 3*m + 2*m = -b + 90, t*m = -5*b + 76. List the prime factors of m.
17
Let p(v) = v**2 + 3*v + 3. List the prime factors of p(-10).
73
Let h = 40 + -4. What are the prime factors of 2/4*h/1?
2, 3
Let j = 43 - 24. List the prime factors of j.
19
Let d(n) = -n**2 + 6*n - 1. Let l be d(5). Suppose v = 2*v. Suppose l*s + 0 - 8 = v. List the prime factors of s.
2
Suppose 2*f = 7*f - 240. Suppose -f = -4*p - 4*k, -5*k - 24 = -4. What are the prime factors of p?
2
Let q = -94 - -183. List the prime factors of q.
89
Let a = -98 - -58. What are the prime factors of (48/(-10))/(6/a)?
2
Let f(m) = m**3 + 9*m**2 - 11*m + 13. Let u be f(-10). Let t = u + -6. List the prime factors of t.
17
Let j = 5 - -23. Let w(b) = 3*b**2. Let p be w(-1). Suppose -p*l = l - j. List the prime factors of l.
7
Suppose -25 = -5*j, y = -4*y + 3*j + 5. Suppose -19 = -y*s + 13. List the prime factors of s.
2
Suppose s - 3*d + 0*d - 23 = 0, -5*d = 2*s - 24. List the prime factors of s.
17
Suppose 2*k = 9*k - 588. List the prime factors of k.
2, 3, 7
List the prime factors of (-2)/(-5) + 9138/30.
5, 61
Suppose 2*v - 5*v - 27 = 0. Let g = v + 22. List the prime factors of g.
13
Let p = -3 + 3. Suppose -48 = -p*s - 4*s. List the prime factors of s.
2, 3
Let x(l) = 0 + 2*l - 9 + 0 + 1. What are the prime factors of x(6)?
2
Suppose -5*l - 5*i + 350 = 0, -4*l + 4*i + 157 = -131. Suppose 4*m - 25 = l. List the prime factors of m.
2, 3
Let t(d) = d**3 - 7*d**2 + d - 10. Let k be t(7). Let j(y) = y**2 - 3*y + 4. What are the prime factors of j(k)?
2, 11
List the prime factors of 4*1146/48 + 2/(-4).
5, 19
What are the prime factors of 3/((-1344)/452 - -3)?
113
Let q(u) = 5*u - 5. Let v(y) = -4*y + 6. Let k(h) = 5*q(h) + 6*v(h). Let a be k(-9). Suppose -5*m = -6*m + a*z + 21, 0 = -5*z. List the prime factors of m.
3, 7
Let t(d) = 2 + 4*d + 5*d**2 - 4*d + 2*d**2. What are the prime factors of t(2)?
2, 3, 5
Let y = 2 + -12. Let n = y - -37. List the prime factors of n.
3
Suppose 4*x + 2*a = 52, -x + 7 = 4*a - 6. Suppose p = 4*i - 24, -5*i - 2*p = -4*p - 27. Let k = x - i. What are the prime factors of k?
2, 3
Suppose 2*x - 40 = t, 2*x + 5*t = -x + 73. Let d be ((6/1)/(-2))/(-1). Suppose 3*p + d*u = 21, -3*u = -3*p - u + x. What are the prime factors of p?
7
Let w be 1*2*(3 + -4). Let m = 1 - w. Suppose -m*r + 35 = 2*r. List the prime factors of r.
7
What are the prime factors of 122 - 5/(-10)*-8?
2, 59
Let j = -170 - -241. What are the prime factors of j?
71
Let t = -3 - -2. Let u(y) = 15*y**2 + 2*y + 1. Let r be u(t). Suppose 0*j = j - r. List the prime factors of j.
2, 7
Let o(h) = -6*h**3 + h**2 + 2*h + 1. Let x be o(-1). Let c = x + -4. Suppose -c*z = -3*z + 10. List the prime factors of z.
2, 5
Suppose 4131 = 14*h + 995. What are the prime factors of h?
2, 7
Let g be ((-12)/18)/(1/12). Let y(p) = -3*p + 1. What are the prime factors of y(g)?
5
Let o be 4/(3/(-2 + -1)). Suppose -k + u = k + 8, 0 = 3*u - 12. Let p = k - o. What are the prime factors of p?
2
Let v(w) = 2*w**3 - 4*w**2 + 3*w - 6. What are the prime factors of v(4)?
2, 5, 7
Suppose 0 = n + n - 42. List the prime factors of n.
3, 7
List the prime factors of 73/5 + 12/30.
3, 5
Let y be 4*1*10/(-8). Let f(s) = -s**2 - 6*s - 1. Let c be f(y). Suppose 2*q = c + 8. List the prime factors of q.
2, 3
Let f be 18*-1*1/(-3). Let m = f - -1. List the prime factors of m.
7
Suppose -299 - 101 = -5*v. List the prime factors of v.
2, 5
Suppose -4*x + 8*x = 80. What are the prime factors of x?
2, 5
Suppose 3*z + 6 + 3 = 0. Let l = -3 - z. Suppose 3*a - 2*v - 10 = l, 3*v = -4*a + v + 18. List the prime factors of a.
2
Suppose 4*b - 770 = -b. What are the prime factors of b?
2, 7, 11
List the prime factors of ((-144)/56)/(1/(-7)).
2, 3
Suppose -x + 4*p + 25 = 0, 0 = 2*x - x + p - 25. List the prime factors of x.
5
What are the prime factors of (-4)/(-8)*(75 + 1)?
2, 19
List the prime factors of (-30)/25*5/(-2).
3
Let o = 199 + -138. List the prime factors of o.
61
Let t = 17 - -20. Suppose 3*w - t - 74 = 0. Let i = w - 22. List the prime factors of i.
3, 5
Suppose 0 = -3*i - i + 100. What are the prime factors of i?
5
Let o(f) = 0*f**2 + 1 + 1 + f**2. List the prime factors of o(3).
11
Let n be ((-41)/(-3))/(10/30). Suppose -5*f = 5*a - 165, 6*f - 3*a - n = 4*f. What are the prime factors of f?
2, 7
Let k(g) = 10*g + 4 + g + 9*g**2 + 6 - g**3. List the prime factors of k(10).
2, 5
Suppose -2*l - 1319 + 321 = -4*r, -5*r + 1240 = -4*l. What are the prime factors of r?
2, 3, 7
Let r(p) = -2*p + 11. Let g(x) be the third derivative of x**4/8 - 7*x**3/2 - x**2. Let k(l) = -3*g(l) - 5*r(l). List the prime factors of k(-4).
2
Suppose 3*a = 4*l + 5 + 13, -2*a = -3*l - 13. Suppose 2*o + a*r = 10, -3*o + o + 13 = r. Suppose 0 = -2*v + v + o. What are the prime factors of v?
2
Let q be (-1 + -18)/(3/(-6)). Let w = 67 - q. What are the prime factors of w?
29
Let r = 7 + -2. Suppose -n + r + 0 = 0. List the prime factors of n.
5
Suppose 5*x = 190 + 15. List the prime factors of x.
41
Let v(t) = t**2 + 10*t + 2. Let a be v(-10). Let z = a - -1. Suppose -2*j = 0, 3*j + 0*j = -z*h + 45. List the prime factors of h.
3, 5
Let s = -13 + 8. Let m(o) = -o**2 - 5*o + 7. What are the prime factors of m(s)?
7
Let s(d) = -5*d**2 - 1. Let r be s(1). Let i = r - -11. What are the prime factors of 8 + 1 + i + -4?
2, 5
Suppose 0 = 2*v + 5*a + 28, -a = 4*v + 2*a + 28. Let q be v/4 + (-2)/(-2). Suppose -5*z + 6 + 14 = q. What are the prime factors of z?
2
Suppose 4*s = 2*r - 4*r - 10, 0 = 4*s - r + 19. Let k = s + 11. List the prime factors of k.
7
Let h(l) = -l**2 + 2*l - 3. Let g be h(-6). Let c = g + 84. List the prime factors of c.
3, 11
Let d(a) = -3*a - 3. Let x(y) = 5*y + 4. Let h(o) = -8*d(o) - 5*x(o). Let s be h(4). Suppose s = r - 3*z + 5 + 2, 4*r = -4*z + 20. List the prime factors of r.
2
Suppose 5*x - 10*x = -165. List the prime factors of x.
3, 11
Let g(h) = 2*h**2 + 18*h - 42. List the prime factors of g(-15).
2, 3, 23
Let x(c) = -c**2 + c + 1. Let u be x(2). Let d be 4/18 + 40/(-18). What are the prime factors of ((-1)/d)/(u/(-14))?
7
Suppose -19 - 47 = -2*u. What are the prime factors of 704/u + (-2)/6?
3, 7
Suppose -7*p + 2*p + 15 = 0, -f - 2*p + 17 = 0. List the prime factors of f.
11
Let w(g) = 4*g**2 + 2*g - 1. What are the prime factors of w(3)?
41
Let g(f) be the third derivative of 4*f**4/3 - f**2. Let r be g(1). Suppose -6*v + 4*b + r = -2*v, -5*v = b - 22. What are the prime factors of v?
5
Suppose -4*a + 80 = -16. Suppose -a = -y - y. What are the prime factors of y?
2, 3
Let w be (-4 + 1)*(-3 + 2). Suppose 2*o = 5*f - 32, -o - 12 = -w*f + 2*o. List the prime factors of f.
2
Suppose 4*p - 14 + 2 = 0. Suppose -72 = -p*b - 2*z, 119 + 14 = 5*b - z. Let h = b - 17. What are the prime factors of h?
3
Suppose 4*o + 4 = 12. Let a be 2/(o + 2)*46. Suppose 2 - a = -3*y. List the prime factors of y.
7
Let c = -42 - -45. What are the prime factors of c?
3
Let j = 124 - 14. List the prime factors of j.
2, 5, 11
Let h(j) be the first derivative of -j**4/4 - 7*j**3/3 - 5*j**2/2 - 5*j - 2. Let 